 = 538*z + 2198. Give a(-4).
46
Let b(o) = -39*o**2 - 740*o + 47. Give b(-19).
28
Let f(t) = t**2 - 251*t + 4467. Calculate f(19).
59
Let h(q) = 2*q**2 + 33*q - 337. Determine h(8).
55
Let s(h) = -48*h - 1490. Determine s(-31).
-2
Let s(i) = -i**3 - 41*i**2 - 80*i + 8. Determine s(-39).
86
Let x(o) = 35*o - 259. What is x(6)?
-49
Let t(r) = 10*r + 130. Give t(-18).
-50
Let h(x) = -x**3 - 24*x**2 - 129*x - 48. Give h(-17).
122
Let l(m) = -m**2 + 353*m + 2928. Give l(-8).
40
Let g(p) = -4*p**2 - 31*p + 9. Calculate g(-8).
1
Let j(a) = 3*a**3 + 15*a**2 - 19*a - 5. Determine j(-7).
-166
Let o(x) = 7*x - 117. What is o(18)?
9
Let r(d) = d**3 + 27*d**2 - 281*d - 13. Determine r(-35).
22
Let h(u) = u**3 + 71*u**2 - 458*u - 37. Determine h(6).
-13
Let y(c) = -c**2 - 21*c - 101. Determine y(-8).
3
Let v(t) = 22*t - 3. Calculate v(-1).
-25
Let t(c) = -c**3 - 13*c**2 + 22*c + 17. What is t(-14)?
-95
Let a(w) = -18*w + 228. What is a(20)?
-132
Let q(v) = -2*v**2 + 91*v - 103. Give q(4).
229
Let f(b) = -b**3 + 45*b - 77. What is f(2)?
5
Let c(a) = -2*a**3 + 48*a**2 - 157*a + 120. Give c(20).
180
Let c(z) = -17082*z + 51256. Calculate c(3).
10
Let i(t) = 32*t**3 + 4*t**2 + 5*t - 3. Determine i(-2).
-253
Let y(i) = 21*i**3 - 651*i**2 - 2*i + 71. Determine y(31).
9
Let l(y) = -50*y + 1535. Determine l(31).
-15
Let d(p) = -2*p**2 - 44*p - 153. Give d(-18).
-9
Let h(n) = 90*n + 6314. Calculate h(-70).
14
Let y(x) = 2*x**3 - 80*x**2 - 66. What is y(40)?
-66
Let q(y) = 2*y**3 + 85*y**2 - 23*y + 875. Calculate q(-43).
15
Let v(a) = -2*a**2 - 2*a + 54. What is v(0)?
54
Let h(t) = 23*t**2 + 148*t - 105. Determine h(-7).
-14
Let l(f) = -f**2 + 106*f + 431. Determine l(-4).
-9
Let a(u) = -42*u + 1290. Calculate a(30).
30
Let v(q) = -q**2 - 109*q - 1216. Calculate v(-12).
-52
Let w(f) = f**3 + 12*f**2 + 19*f + 93. Give w(-13).
-323
Let j(s) = -67*s - 1202. Determine j(-18).
4
Let p(w) = w**3 + 69*w**2 - 278*w + 1051. What is p(-73)?
29
Let a(d) = d**2 - 29*d - 19. Determine a(8).
-187
Let x(n) = -215*n + 647. Give x(4).
-213
Let w(z) = 6*z - 31. Calculate w(21).
95
Let r(n) = -440*n + 1402. Calculate r(3).
82
Let q(n) = -188*n - 11. Give q(0).
-11
Let w(k) = k**3 + 81*k**2 + 530*k + 880. Calculate w(-74).
-8
Let p(v) = -2*v**3 - 18*v**2 - 7*v - 54. Give p(-9).
9
Let g(j) = j**2 - 280*j - 6310. What is g(-21)?
11
Let u(t) = -120*t - 919. Calculate u(-7).
-79
Let k(b) = b**2 - 20*b - 72. Calculate k(23).
-3
Let i(y) = -317*y - 2869. Determine i(-9).
-16
Let t(l) = -l**3 + 28*l**2 - 66*l + 1848. Determine t(28).
0
Let z(f) = -170*f + 12812. Calculate z(75).
62
Let g(l) = 193*l - 1732. Determine g(9).
5
Let u(n) = n**3 + 19*n**2 + 18*n + 42. What is u(-18)?
42
Let r(j) = -4*j**2 + 38*j + 19. What is r(11)?
-47
Let q(w) = w**3 + 23*w**2 - 5*w - 51. What is q(-23)?
64
Let c(k) = -14*k**3 + 6*k**2 + 4*k - 12. Calculate c(-2).
116
Let d(i) = 28*i**2 - 109*i + 50. What is d(7)?
659
Let l(q) = -3*q**2 + 22*q - 6. Determine l(9).
-51
Let m(q) = 47*q**2 - 244*q + 17. Determine m(5).
-28
Let x(t) = 2*t**3 - 142*t**2 + 891*t + 329. Give x(64).
9
Let y(l) = 8*l**3 - 4*l**2 + 5*l - 6. What is y(3)?
189
Let z(d) = -10*d - 254. Determine z(-26).
6
Let a(f) = 7*f**2 - 85*f - 4. Determine a(12).
-16
Let k(c) = -c**3 - 32*c**2 + 119*c + 106. Calculate k(4).
6
Let s(u) = -u**3 - 49*u**2 + 52*u + 119. Calculate s(-50).
19
Let b(k) = -2*k**3 - 14*k**2 - 9*k - 109. Calculate b(-8).
91
Let v(r) = 2*r**3 + 10*r**2 - 7*r - 44. Give v(-7).
-191
Let a(z) = 2*z**3 + 2*z**2 - 6. Calculate a(0).
-6
Let k(o) = 2*o**3 + 29*o**2 + 14*o + 29. Give k(-14).
29
Let b(u) = -4518*u - 239457. Calculate b(-53).
-3
Let y(o) = -o**2 + 5*o + 12. Calculate y(10).
-38
Let i(t) = -389*t - 8925. Give i(-23).
22
Let h(m) = 91*m + 62. Calculate h(-3).
-211
Let k(w) = -8*w**3 + 4*w**2 - 10*w + 6. What is k(1)?
-8
Let a(v) = 3*v**2 - 8*v - 16. Give a(-5).
99
Let z(r) = 8455*r - 42274. What is z(5)?
1
Let g(n) = 326*n + 1950. Determine g(-6).
-6
Let q(s) = 2*s**2 - 603*s + 11279. Determine q(20).
19
Let c(z) = -522*z + 39147. Determine c(75).
-3
Let a(y) = -65*y**2 + 336*y. Determine a(5).
55
Let v(m) = -m**2 - 21*m - 124. Give v(-20).
-104
Let q(b) = -b**2 - 27*b - 210. Determine q(-16).
-34
Let u(x) = 1442*x - 3. What is u(0)?
-3
Let f(d) = -d**2 - 153*d - 2884. Calculate f(-22).
-2
Let v(r) = -252*r + 750. Calculate v(3).
-6
Let l(i) = -1179*i + 4664. Determine l(4).
-52
Let h(c) = -23*c**2 - 5*c + 15. Determine h(-4).
-333
Let g(l) = -l**3 + 75*l**2 + 237*l - 230. What is g(78)?
4
Let h(u) = 6*u**3 - 3*u**2 + 137*u + 137. Determine h(-1).
-9
Let u(s) = 402*s + 1228. Calculate u(-3).
22
Let x(h) = -h**2 + 83*h + 1312. Give x(97).
-46
Let x(r) = -52*r - 605. Calculate x(-32).
1059
Let r(w) = w**3 - 6*w**2 - 20*w + 124. What is r(5)?
-1
Let r(t) = t**3 + 11*t**2 + 65*t + 419. Give r(-9).
-4
Let p(g) = g**2 + 26*g + 30. What is p(-9)?
-123
Let x(z) = 2*z**3 + 10*z**2 - 36*z - 66. What is x(-7)?
-10
Let k(l) = -2242*l - 100890. What is k(-45)?
0
Let o(s) = s**3 + 49*s**2 - 134*s - 1585. Calculate o(-51).
47
Let l(k) = -2*k**3 + 368*k**2 + 121*k - 22261. What is l(184)?
3
Let d(y) = -y**2 - 12*y + 329. Determine d(13).
4
Let r(g) = 105*g + 1784. Give r(-17).
-1
Let n(m) = m**3 - 2*m**2 - 81*m - 408. Calculate n(-5).
-178
Let c(d) = -3*d**2 + 36*d + 17. Calculate c(13).
-22
Let p(y) = 3*y**3 + 96*y**2 - 16*y - 272. Determine p(-32).
240
Let n(i) = -3*i**2 + 236*i - 1232. Calculate n(73).
9
Let w(s) = -8*s**2 + 7*s + 3. What is w(-5)?
-232
Let p(h) = 125*h**3 + h**2 - 3. What is p(2)?
1001
Let n(t) = 10*t**2 - 135*t + 65. Determine n(13).
0
Let o(d) = 1612*d - 3132. What is o(2)?
92
Let d(r) = -r**3 + 20*r**2 + 16*r - 131. Give d(21).
-236
Let t(x) = -x**2 - 197*x + 4093. Calculate t(19).
-11
Let z(y) = 86*y + 6712. Determine z(-78).
4
Let l(v) = -2*v**2 - 4801*v - 43054. Calculate l(-9).
-7
Let y(o) = -o**3 + 12*o**2 - 7*o + 21. Give y(11).
65
Let k(w) = -137*w - 889. Calculate k(-7).
70
Let q(w) = -69*w**2 - 2279*w - 62. What is q(-33)?
4
Let k(m) = -m**2 - 63*m - 532. Determine k(-53).
-2
Let p(o) = 14*o - 381. Determine p(-43).
-983
Let i(o) = 37*o - 340. Give i(11).
67
Let k(v) = 55*v + 344. Give k(-5).
69
Let n(r) = -r**2 + 19*r + 17. Determine n(25).
-133
Let x(f) = -14*f - 671. What is x(-49)?
15
Let m(v) = -4*v**2 - 42*v + 9. What is m(0)?
9
Let k(g) = g**2 + 124*g - 7175. What is k(43)?
6
Let k(b) = -21*b**2 + 1900*b + 1005. What is k(91)?
4
Let m(q) = 41*q**3 + 12*q**2 - 4*q - 8. Calculate m(1).
41
Let f(q) = 32*q + 271. Give f(-11).
-81
Let y(a) = -a**3 - 13*a**2 - 12*a + 8. Give y(-12).
8
Let h(s) = 21*s + 54. Determine h(-6).
-72
Let i(u) = 466*u - 1873. What is i(4)?
-9
Let v(s) = -229*s - 440. Give v(-2).
18
Let i(g) = -19*g - 21. Give i(5).
-116
Let z(n) = -17*n**2 + 390*n + 62. Calculate z(23).
39
Let m(k) = 86*k - 371. What is m(4)?
-27
Let f(t) = 15*t + 229. Give f(-15).
4
Let g(w) = -3*w**3 - 69*w**2 + w + 13. Give g(-23).
-10
Let x(f) = 3*f**2 + 323*f - 32. Calculate x(-108).
76
Let j(p) = 1224*p - 47674. Calculate j(39).
62
Let m(d) = 235*d**2 + 1878*d - 27. Give m(-8).
-11
Let z(t) = 3*t**2 - 87*t + 583. Determine z(10).
13
Let j(b) = b**3 + 14*b**2 + 10*b - 49. Calculate j(-13).
-10
Let c(b) = 2*b**3 + 35*b**2 + 20*b + 47. Calculate c(-17).
-4
Let g(s) = -10*s**2 + 327*s - 226. Determine g(32).
-2
Let m(j) = -2*j**2 + 10*j + 322. Give m(0).
322
Let d(s) = s**3 - 23*s**2 + 23*s + 25. Give d(22).
47
Let z(v) = -119*v + 198. Give z(2).
-40
Let x(u) = 10*u - 213. Calculate x(22).
7
Let s(x) = -x**3 + 24*x**2 - 90*x + 150. Calculate s(20).
-50
Let h(d) = -730*d + 2906. What is h(4)?
-14
Let n(h) = 5052*h - 25274. Calculate n(5).
-14
Let n(v) = -291*v - 11067. Determine n(-38).
-9
Let z(g) = g**3 - 34*g**2 + 68*g - 188. Give z(32).
-60
Let a(y) = 3*y**3 - 105*y**2 - 233*y + 70. Calculate a(37).
-337
Let h(x) = -x**3 - 6*x**2 - 22*x - 113. What is h(-6)?
19
Let q(p) = -11*p**2 - 137*p - 33. Give q(-14).
-271
Let y(t) = -t**3 - 5*t**2 - 5*t - 27. Give y(-6).
39
Let u(p) = p**3 - 27*p**2 + 26*p + 1. Give u(26).
1
Let o(q) = -7*q**2 + 692*q + 90. Give o(99).
-9
Let d(w) = -w**3 - 10*w**2 + 18*w + 133. Calculate d(-9).
-110
Let y(s) = 423*s - 3394. Determine y(8).
-10
Let s(k) = -39*k + 295. Calculate s(-14).